 15. Let i(k) = k + 1. Let z(v) = -f(v) + 4*i(v). Suppose 4*m - 4*j - 16 = 0, 4*m = -4*j + 9*j + 11. Is z(m) prime?
True
Let v(o) = -4862*o**3 + o**2 + 3*o + 1. Is v(-1) prime?
True
Let c be 16 - (1 + -1)*1. Let j be (428/(-6))/(c/(-48)). Suppose -j + 29 = -5*i. Is i a composite number?
False
Let s be 15*(1 - 2) + -1. Let f be 4*(996/s)/(-3). Suppose 5*y = f + 42. Is y prime?
False
Let h be 29272/16 - (-1)/2. Suppose 5*a - h = -0*a. Let d = a - 29. Is d a prime number?
True
Let c be 1/(-1)*-3 - -2. Suppose -c*s + 19719 = -v, -2*v = 4*s - s - 11821. Is s composite?
False
Suppose 5*u = -2880 - 4880. Let c = -956 - u. Suppose c = 6*q - 2*q. Is q a prime number?
True
Suppose -5*f = -1567 - 15193. Suppose 2*x = -2*x + f. Suppose -b + x = b. Is b a prime number?
True
Suppose -5*k + 3623 = 2*v, 3*v - 4751 = -k + 690. Suppose -3*g + v = -g. Is g a composite number?
False
Let y = 659 - 26. Is y prime?
False
Let p be (55/(-33))/(1/(-2*3)). Is (p/4 + -2)/(2/14044) a prime number?
True
Let w be 4*3/2 - 1. Is -1*1*(-48 - w)*7 a composite number?
True
Let h = 918 - 579. Suppose -23*a = -26*a + h. Is a a composite number?
False
Let x = 460 + -131. Is x composite?
True
Suppose -3*g - 21 = -3*n, -n + 2*g = 4*g + 8. Suppose -n*o = -3*o + 5. Suppose -5*a - 2915 = -o*u, -2*a - 1006 = -3*u + 747. Is u a composite number?
False
Let l(t) be the first derivative of 40*t**3/3 - 9*t**2/2 - 3*t + 13. Is l(-4) prime?
True
Is (-4050)/(-14) - (9/7 - 1) a composite number?
True
Suppose 6064 = -2*r + 18*r. Is r composite?
False
Let v(d) = 16*d**2 + 4*d + 31. Is v(9) composite?
True
Let f be (-6)/(-44 + 2) + (-2)/14. Suppose f = -2*l + 5*i + 3450, 5*l + 4*i + 0*i = 8691. Is l prime?
False
Let z(c) = -c**3 - 4*c**2 - 4*c - 1. Let q be z(-3). Suppose -3*x - 9 = 2*a - 0*x, -5 = -5*a - q*x. Suppose 116 = -a*i + 497. Is i a composite number?
False
Suppose 3*c = 3*o - 33939, -4*o = 28*c - 30*c - 45248. Is o composite?
False
Let r(q) = -2*q**3 + 10*q**2 - 11*q - 27. Let u be r(13). Is 6/(-4) + u*(-3)/12 a prime number?
False
Let f be (-185)/(-35) - (-6)/(-21). Suppose 3*u + 1539 = f*u - q, -u - 4*q = -747. Is u a prime number?
False
Let y(m) = 260*m**2 + 5*m + 5. Let a be y(-2). Let l = 1478 - a. Is l composite?
False
Let n(g) = 19*g. Suppose -5*v = -v - 2*f - 24, -2*f - 19 = -3*v. Let z be n(v). Suppose 4*l = -l + z. Is l a composite number?
False
Let m be (-36)/(-8) + (-14)/4 + 2. Suppose -m*i = -195 - 186. Is i composite?
False
Let j(p) = -887*p + 604. Is j(-17) a prime number?
True
Let c = 6 - 5. Suppose -2*i + c = -9. Suppose 166 = 3*b + 2*u - u, 0 = i*b + 3*u - 270. Is b composite?
True
Let a = -107 + 113. Is 1*(-30)/a + 2242 a composite number?
False
Suppose -36855 = -5*l - 4*k, -7377 = -l + 12*k - 14*k. Is l prime?
False
Let q(g) = -19 + 14*g**2 + 18 - 154*g**2 + 2*g + 690*g**2. Is q(1) prime?
False
Is (17 + -15)/((-8)/(-85508)) a composite number?
False
Let g(o) = -o**3 - 12*o**2 + 13*o - 6. Let j be g(-17). Let n = j + -809. Is n prime?
True
Let r be 2*39/(-6) - -2. Let i(t) = 4*t**2 + 14*t + 3. Let k be i(r). Suppose 144 = 2*l - 2*q, 0 = l + 4*l + 4*q - k. Is l a prime number?
False
Suppose 0*o = h - 5*o - 1768, -3*o - 7157 = -4*h. Is h composite?
True
Let f(c) be the third derivative of -1175*c**4/24 - 2*c**3/3 - 5*c**2. Let u be f(-2). Suppose -5*d + 519 = -u. Is d composite?
True
Suppose -5*w - y - 12 + 36 = 0, w - 10 = 5*y. Suppose -3*c + 2*q + 9811 = 0, 4*c + 2*q - w*q - 13081 = 0. Is c a prime number?
True
Suppose 9*v = v + 248. Is 106/(-8 + 11 - 91/v) composite?
True
Let m = 19 + -16. Suppose 409 = 2*w - m*g, 0*g + 3*g = -5*w + 1054. Suppose 170 = h - w. Is h a prime number?
True
Suppose 4*f - 1136 = -4*g, 3*f + 266 = g - 2*f. Suppose 6*b - 424 = 3*t + 2*b, -2*t - 5*b = 275. Let q = g + t. Is q composite?
True
Let i = 4803 - -1370. Is i a prime number?
True
Suppose 4*w = w - 2*f + 9903, 8*w + 3*f = 26401. Is w a prime number?
True
Let y(j) = 1779*j - 665. Is y(16) a composite number?
False
Let j(r) be the second derivative of -19*r**3/2 - 7*r**2/2 + r. Is j(-8) a prime number?
True
Suppose l + 5*k + 15 = 0, -4*l + 6*k - 2*k = -12. Suppose l = -5*z + 2*w + 21209, -2*z - 2*w = -5025 - 3453. Is z composite?
False
Suppose 0*d + 3*d = 18. Suppose -d*l - 571 = -3133. Is l composite?
True
Let v(t) = -t**2 - t + 2. Let y be 1 + (-2 + -2)*1. Let k be v(y). Let r = k + 117. Is r a composite number?
False
Let t(i) = -52*i**2 - 12*i + 3. Let o(c) = -103*c**2 - 25*c + 5. Let j(d) = 6*o(d) - 13*t(d). Is j(5) a composite number?
False
Let u(r) = -r**3 - 3*r**2 + r + 5. Let s be u(-3). Suppose s*x - 18 = 74. Is x a prime number?
False
Suppose 3*h = -2*h + 1400. Let l be 3/(1 - h/292). Suppose -o - 2*q = -64, -o - q = 4*q - l. Is o a prime number?
False
Let g = 4 + -5. Let u be g/(4 - (-438)/(-110)). Let o = -24 - u. Is o a composite number?
False
Suppose -3*s + 5*u = 2*s - 193460, -193463 = -5*s + 2*u. Is s a composite number?
False
Let z(l) = 14*l**2 - 2. Let p be z(-5). Suppose 4*d = d - p. Let o = d - -307. Is o a composite number?
False
Let j(t) = t**2 - 6*t + 15. Let y be (-15)/(-100)*5*8. Is j(y) a prime number?
False
Let m(n) = -n**3 - 11*n**2 + 17*n + 13. Let g be m(-15). Suppose 0 = -i - 3, 0 = 4*a - 2*i - 0*i - g. Is a a prime number?
True
Is -158*(-51)/(-12)*-2 a composite number?
True
Let v = 23424 - 13241. Is v prime?
False
Let g(u) = 2*u - 19*u**3 - u**2 + 2 - 4*u - 3 - 4*u**3. Is g(-1) prime?
True
Suppose 4*g - 20 = 2*g - 2*t, -4*g + 41 = 5*t. Suppose 25266 - 5439 = g*n. Is n prime?
True
Let r be (1 - 4) + 2 + 1. Suppose -2*u + r*u + 238 = 0. Is u prime?
False
Let i(w) = 18*w - 57. Let x(z) = 91*z - 285. Let q(c) = -11*i(c) + 2*x(c). Is q(-17) a prime number?
False
Let i(n) = -3410*n - 3. Is i(-1) a composite number?
False
Let d(x) = x**3 - 7*x**2 + 6*x - 10. Let s be d(9). Let k = 365 - s. Is k composite?
True
Let a(s) = 6*s**2 - 25*s - 20. Let v be a(-20). Suppose 10*u - v - 1030 = 0. Is u prime?
False
Let p(r) = -3*r + 22. Let b be p(7). Is -1174*(b*(-9)/6)/3 composite?
False
Is ((-18992)/(-48))/(2/6) a composite number?
False
Is ((-40)/200)/(((-1)/(-10495))/(-1)) prime?
True
Let z(b) = 33*b**2 + 6*b + 4. Let d(r) = -100*r**2 - 17*r - 11. Let i(a) = -6*d(a) - 17*z(a). Is i(-1) composite?
False
Suppose -4*t = y - 702, -19 + 7 = -3*t. Suppose 4*k + 178 = y. Is k a prime number?
True
Let h(g) = -4*g**3 - 4*g**2 + 34*g - 25. Is h(-11) a composite number?
False
Let y be 5/(20/5446) - 3/2. Suppose -5*n - 3*r = -y - 2154, -2*n + r = -1399. Is n prime?
True
Let j(a) = -133*a**3 + a**2 - 1. Let g(f) = 3*f**3 - f**2. Let m be g(1). Suppose m*r - 2 = 4*r. Is j(r) a composite number?
True
Let q be (213500/91)/1 - 6/39. Let z = -9 + 13. Suppose z*y - q = -0*y + j, y = 5*j + 577. Is y composite?
False
Suppose -70*s + 53219 = -132911. Is s a prime number?
True
Let d be ((-8)/(-4))/(2/33). Let x(i) = 3*i**3 + 2*i**2 + 2*i. Let t be x(-2). Let m = d + t. Is m prime?
True
Suppose -8298 = -156*q + 150*q. Is q a prime number?
False
Is (-6)/(-42) + 211698/21 composite?
True
Let v = -1390 + 6111. Is v a prime number?
True
Suppose 0 = -3*j + 4*o + 6, 0 = 5*o - 4*o. Suppose -j*i - 4 = -3*i. Is (1 - -2 - i)*-127 prime?
True
Let u(f) = 10*f**2 - 7*f + 2. Let g be u(5). Suppose 225 = 37*o + 38*o. Suppose 87 = m - w, -o*w - 210 - g = -5*m. Is m a prime number?
True
Let r = 971 - 478. Is r a prime number?
False
Suppose -3*u + 2*l = -10291, -l + 6*l - 5 = 0. Is u prime?
False
Let f = -3 + 13. Is -2*((-51095)/f)/11 prime?
True
Let r(d) = 98*d**2 - 7*d + 15. Is r(10) composite?
True
Is (38 + 8)/(26/5707) prime?
False
Let m(v) = 9 + 2 + 6*v + 0. Suppose 0 = -4*f - 3*o + 32, 5*f + 5*o - 35 = 5. Is m(f) composite?
False
Let m(w) = 3136*w + 661. Is m(15) a prime number?
True
Suppose -3*l = -4*j - 12519, 0 = -2*j + 7*j - 15. Is l prime?
True
Let k(d) = 167*d + 10. Let a be k(12). Suppose y = a - 653. Is y a composite number?
False
Suppose -6*k = -7*k + 3*c + 3716, -2*c - 6 = 0. Is k a composite number?
True
Let q(z) = -141*z**3 - 6*z**2 + 10. Is q(-3) a prime number?
False
Let q(i) = 12*i - 41. Let u be q(5). Suppose 1460 = -u*s + 29523. Is s composite?
True
Suppose -14*z + 9*z = 30. Let s(g) = -g**2 + 9. Let n(a) = -a**2 - a + 1. Let y(q) = -4*n(q) + s(q). Is y(z) prime?
True
Suppose -i + 3*j 